s of z?
2, 5
Let u(m) = -85*m**3 - 2*m - 1. What are the prime factors of u(-1)?
2, 43
Let o = 26 - -16. Suppose -w = w - o. List the prime factors of w.
3, 7
Suppose j + 6 = 4*j. Suppose 2*m - 3*i = -2*i + 40, -24 = -j*m + 5*i. What are the prime factors of m?
2, 11
Suppose -5*c = -0*c. Let m be (-1 - (-7 - c)) + -1. Suppose -m*h + 85 = -0*h. What are the prime factors of h?
17
What are the prime factors of 55*(24/5)/6?
2, 11
Suppose u - 28 = -4*o, -2*u = -3*o + 6 + 4. List the prime factors of o/(-4)*(-16)/6.
2
Suppose 8*x + 140 = 9*x. What are the prime factors of x?
2, 5, 7
Suppose -m = m - 4. What are the prime factors of 3 + 7 + 0/m?
2, 5
Let n be 3/(-33)*-2 + 57/(-11). Let v(p) = 3*p**2 - 4*p**2 - 3*p - 3*p + 3. What are the prime factors of v(n)?
2
Suppose 4*o + 3*n - 4*n - 42 = 0, -3*o - n + 28 = 0. List the prime factors of -3*o/6*-5.
5
Let v(s) = s**2 + 3*s + 2. Suppose 3*b + 6 = -4*j - 9, 3*j - 5*b + 4 = 0. Let f be v(j). Suppose 2*h - 2 - f = 0. What are the prime factors of h?
2
Suppose y - 4*x = 35, -5*x - 85 = -4*y + 2*y. List the prime factors of y.
5, 11
Let q = 5 - 1. Suppose 3*v + q*r = 46, 3*v + 0*r = 3*r + 39. List the prime factors of v.
2, 7
Let a be (2 - 5)/(1 - 2). Let s(k) = -k**2 - 3*k - 2*k + 1 + a. List the prime factors of s(-5).
2
Let s = 200 + -124. List the prime factors of s.
2, 19
Suppose -3*g + 4 = -g. Suppose 2*l + 0 = -g, 0 = u + 2*l. Suppose 2*a = 4*m - 44, -u*m = 3*m - 3*a - 56. List the prime factors of m.
2, 5
Suppose -18 = -2*u + 4*y, 3*u + 0*y - 17 = y. Let g = 9 - u. What are the prime factors of g?
2
Suppose 0 = -q - 8*q + 837. List the prime factors of q.
3, 31
Let a(f) = -5*f + 1. Let s(m) = 12*m - 6. Let r(u) = -25*u + 11. Let c(j) = -3*r(j) - 5*s(j). Let l(d) = 11*a(d) + 4*c(d). What are the prime factors of l(2)?
3
Suppose -2*o - 3*o - a + 16 = 0, 3*a = -12. Suppose 0*x - o*x + 8 = 0. List the prime factors of x.
2
Let f = 17 + -14. Suppose 0 = -3*s - 4*g + 74, -f*s = -3*g - 138 + 36. List the prime factors of s.
2, 3, 5
Suppose -y + 10 = -4*u, 5*y - 22 + 4 = 4*u. Let m(a) = -2 - y*a + 0*a - 2. What are the prime factors of m(-5)?
2, 3
What are the prime factors of (-9 - 0)/((-6)/52) + -2?
2, 19
Let u(m) = 82*m**2 - 2*m - 1. Let v be u(-1). Suppose -137 = -5*w + 4*k, 3*w - 2*k = -0*k + v. List the prime factors of w.
29
Suppose -5 = -4*u + 7. Suppose 0 = 2*h - 3*i - 2*i + 5, i = u. Suppose -h*a + 4*z + 46 = -0*z, 3*a = -2*z + 32. What are the prime factors of a?
2, 5
Suppose -t - 72 = 3*t. List the prime factors of ((-40)/(-6))/((-12)/t).
2, 5
Let b(s) = s + 4. Let o be b(-8). Let l be o/10 - (-1176)/15. Suppose 5*y + 8 = l. List the prime factors of y.
2, 7
Let o(x) = -x**3 + 6*x**2 + 5*x + 5. List the prime factors of o(6).
5, 7
Let o = 32 + 16. List the prime factors of o.
2, 3
What are the prime factors of (-85)/((-2)/4*-4)*-2?
5, 17
Let x = -20 - -15. Let z(h) = h**2 + 3*h - 3. List the prime factors of z(x).
7
Let y(i) = i**2 + 36*i - 12. Let d(f) = -3 - 9*f + 0 + 6 + 0. Let c(x) = 9*d(x) + 2*y(x). List the prime factors of c(6).
3, 7
Let m be (7/((-3)/3))/1. Let h = -5 - m. List the prime factors of h.
2
Let r = -25 + 39. Let z = 55 - r. Suppose 0 = 5*h - 2*a - z, 3*h - 3*a = 4*h + 2. What are the prime factors of h?
7
Let k(q) = 4*q**2 + 10*q - 12. What are the prime factors of k(-8)?
2, 41
Let s(k) = -4*k + 3. Let z be s(-4). Let c(l) = l**2 - 13*l + 26. Let j be c(11). Let w = z - j. List the prime factors of w.
3, 5
Let q be (-3*3)/((-9)/6). Suppose 3*d - 27 = q. List the prime factors of d.
11
Let g = -199 - -317. List the prime factors of g.
2, 59
Let y(f) = 9*f**3 + 9*f**2 - 2*f + 1. Let b(o) = 5*o**3 + 4*o**2 - o + 1. Let x(a) = -7*b(a) + 4*y(a). What are the prime factors of x(-8)?
5
Let q = 4 - -1. Let z = 3 - 3. Let n = q + z. What are the prime factors of n?
5
Let s(p) = -p**2 - 4*p - 5. Let y be s(-4). Let o = y + 8. Suppose -2*q - o = -25. What are the prime factors of q?
11
Let w(i) = 4*i + 23*i + 13*i. Let j be w(1). Suppose j = -s + 5*s. What are the prime factors of s?
2, 5
Let u = -11 - -13. Suppose -4 = v, -u*c - c + 119 = -5*v. List the prime factors of c.
3, 11
Suppose 188 = 5*v + 48. What are the prime factors of v?
2, 7
Let r(j) = -j**2 - 6*j + 7. Let u be r(-7). Let a(p) = -p - 3. Let f be a(u). What are the prime factors of (-1 - f)*-1*-1?
2
Suppose -i + 3 = -7. Let f = i - 8. What are the prime factors of 21/6 - 1/f?
3
Let o(j) = j - 3. Let i be o(3). Suppose i*v + 4*q = -2*v + 20, -q - 5 = 0. What are the prime factors of v?
2, 5
Let y(z) = z**3 - 10*z**2 - z + 13. Let k be y(10). Suppose k*n + 2*n = 55. List the prime factors of n.
11
Let q be (-111)/(-3) + (0 - 0). Suppose -2*i + 28 = 3*w, -3*i - 2*w + q = -15. What are the prime factors of i?
2, 5
Suppose 5*x = 4*z + 23, -x + 5 = 4*x + 5*z. Suppose 2*j - 9 = 3*f, 2*f + 3*f = -x*j + 4. Let y = j + 4. List the prime factors of y.
7
List the prime factors of (-148)/(-5) + 4/10.
2, 3, 5
Let a(m) = -m**3 - 4*m**2 - 3*m - 11. Let i be (-2)/(-3)*(-90)/12. List the prime factors of a(i).
29
Let f(s) = -3*s + 7. Let v be f(-4). Let a(l) = -l**2 + 8*l - 6. Let o be a(7). Suppose u + o = v. List the prime factors of u.
2, 3
Let g(a) be the second derivative of -1/12*a**4 + 0 - 5*a**2 - 2*a - 3/2*a**3. What are the prime factors of g(-7)?
2
Let z = -10 - -6. Let g = 7 - z. What are the prime factors of g?
11
Suppose 5*b - 306 = 29. List the prime factors of b.
67
Let j(o) = 5*o**3 - 2*o**2 - 2*o. Let q be j(2). Suppose 5*y - y - q = 0. What are the prime factors of y?
7
Let t(n) = -n**2 - 7*n - 4. Let u = 8 - 14. What are the prime factors of t(u)?
2
Suppose w = 5*o - 12, 3*o + 6 = 2*w + 3*w. Let a = 3 - 0. Suppose 4*p - 37 = -a*r, 0 = r - 4*r - o*p + 33. List the prime factors of r.
7
Let y = -12 + 9. Let c = y + 15. List the prime factors of 4/c + 58/6.
2, 5
Suppose 0*s + 3*s = 63. List the prime factors of s.
3, 7
Suppose 0 = -5*n - 0*n + 900. What are the prime factors of n?
2, 3, 5
Suppose -4*s + s = -177. Suppose -5*g = -4*v + 51, 3*v - s = -3*g - 14. List the prime factors of v.
2, 7
Suppose 4*s + j - 8 = -j, 4 = 2*s - 3*j. Let b = 87 - 75. Suppose b = s*o - 10. List the prime factors of o.
11
Suppose -4*f + 3*s = -411, f + 4*s - 86 - 12 = 0. What are the prime factors of f?
2, 3, 17
Let x = 4 + 0. Suppose -19 = x*y - f + 4, -3*y + 2*f - 21 = 0. Let u = y + 15. What are the prime factors of u?
2, 5
Let p(t) = -4*t**3 - 7*t**2 + 5*t - 12. Let y(k) = k**3 + 1. Let x(w) = p(w) + 5*y(w). What are the prime factors of x(7)?
2, 7
Let v = 2 + 1. Let f = 11 - v. Suppose -j + 11 = 3*b, 4*b = 5*j - 44 + f. List the prime factors of j.
2
Let i(k) = k**3 - 10*k**2 + 8*k - 15. List the prime factors of i(10).
5, 13
Let r = 132 + 173. List the prime factors of r.
5, 61
Let j(p) = p**2 - p + 13. What are the prime factors of j(0)?
13
Let k = 70 + -26. What are the prime factors of k?
2, 11
Let y(c) = -8*c + 1. Suppose 3*n - 6 = x + 2*n, 16 = 4*n. What are the prime factors of y(x)?
17
Let u(p) = -p**2 - 14*p - 9. What are the prime factors of u(-11)?
2, 3
List the prime factors of (10/(-6))/(3/(-18)).
2, 5
Let z = 113 - 13. What are the prime factors of z?
2, 5
Let m = -326 + 469. List the prime factors of m.
11, 13
Suppose 0 = 5*v + 2*v - 287. List the prime factors of v.
41
Suppose 0 = -2*r + 2*t + t - 2, 8 = 2*t. List the prime factors of r.
5
Suppose 5*p + 0*p = 45. Suppose h - 17 = -i, -3*i - 66 - p = -3*h. Suppose r + 4*b = h, -2*b = -12 + 4. What are the prime factors of r?
5
Suppose c = 6*c + o - 441, o = -2*c + 177. List the prime factors of c.
2, 11
Let m be (50/(-1))/(7 + -8). Suppose m = o + 4*o. What are the prime factors of o?
2, 5
Let f(w) = w**3 + 5*w**2 - 5*w + 3. Let b be f(-6). List the prime factors of ((-18)/b)/((-3)/(-4)).
2
List the prime factors of (-75)/(-11) + (-14)/(-77).
7
Let w = 5 - 3. Suppose w = -3*k + k. List the prime factors of -1 + (1*-5)/k.
2
Let f be 1 - (-2 + -4 + 4). Suppose -k = f*k - 196. What are the prime factors of k?
7
Suppose 3*o - 123 = -4*k, -5*k - 107 + 25 = -2*o. List the prime factors of o.
41
Let u = 2 - -9. What are the prime factors of 0 + 3 + u + 3?
17
Suppose 5*d = -0 + 10. Suppose 0 = z + d*r - 36, -3*z + 107 = 7*r - 2*r. What are the prime factors of z?
2, 17
Su